t is -115 - -53202?
53054
In base 8, what is 77636 - -4?
77642
In base 2, what is 0 + 100001100101101110?
100001100101101110
In base 4, what is 313323002 - 11?
313322331
In base 15, what is 2964b - 1?
2964a
In base 8, what is -274 + 1324?
1030
In base 10, what is -5 - -676653?
676648
In base 12, what is -49074 - 4?
-49078
In base 9, what is 53703 - -130?
53833
In base 8, what is 34313 - -32?
34345
In base 15, what is -14da3b + -1?
-14da3c
In base 5, what is -24 - 4122?
-4201
In base 7, what is -4 + -221410?
-221414
In base 3, what is -1112 - 2111011212?
-2111020101
In base 7, what is 401 - 30040?
-26336
In base 13, what is 113 + -187?
-74
In base 8, what is 6 - -10303?
10311
In base 5, what is -1422301 + 3?
-1422243
In base 15, what is 10 - 2e8b?
-2e7b
In base 11, what is 2333 + 104?
2437
In base 6, what is -35 - -1411043?
1411004
In base 5, what is -2402103 - -44?
-2402004
In base 8, what is -30 + 3054?
3024
In base 12, what is 4 + -287b7?
-287b3
In base 15, what is -18ac + 1d?
-188e
In base 9, what is 408 - 2?
406
In base 4, what is -2222 + 1200111?
1131223
In base 9, what is 65748 - -5?
65754
In base 5, what is -4310 - 2?
-4312
In base 8, what is 4 - -40072?
40076
In base 7, what is -326 + 2406?
2050
In base 14, what is -6068 - b?
-6075
In base 16, what is 3 + f24f?
f252
In base 13, what is 6 - -186a?
1873
In base 7, what is -116 - -11226?
11110
In base 10, what is -65467 - -8?
-65459
In base 6, what is 10 + -1220511?
-1220501
In base 4, what is 1010113 - 11?
1010102
In base 10, what is -123849 - -2?
-123847
In base 9, what is 14105 + -12?
14083
In base 5, what is 330 + 243?
1123
In base 14, what is 2654 + 74?
26c8
In base 3, what is 10101 - 2021020?
-2010212
In base 14, what is -3 - 86ab1?
-86ab4
In base 5, what is -10 - -2124440?
2124430
In base 10, what is -56 - -2787?
2731
In base 6, what is 0 - -254525?
254525
In base 5, what is 4111243 + -3?
4111240
In base 15, what is -3a57 - 26?
-3a7d
In base 4, what is 10 - -1330332?
1331002
In base 6, what is -213023 + -305?
-213332
In base 4, what is 322230 + -2113?
320111
In base 7, what is 4 - 103112?
-103105
In base 15, what is -12d + 23?
-10a
In base 12, what is 11 + 1a4b?
1a60
In base 2, what is -111111010010101 + -11011?
-111111010110000
In base 12, what is 8b - -4a19?
4aa8
In base 5, what is -12312 - -33?
-12224
In base 9, what is -153808 + -1?
-153810
In base 13, what is -2 + -105b?
-1060
In base 8, what is 0 - -216712?
216712
In base 11, what is 8a + -11889?
-117aa
In base 11, what is 46 + 5296?
5331
In base 15, what is -3 - -49bd3?
49bd0
In base 3, what is -21122002 + -10?
-21122012
In base 2, what is -101 + 110101010010110?
110101010010001
In base 12, what is -36556 + -3?
-36559
In base 7, what is -116323 - 21?
-116344
In base 12, what is -11 + -217a0?
-217b1
In base 3, what is -20000 + -12120?
-102120
In base 4, what is 313102 - -31?
313133
In base 5, what is -1 + -210340?
-210341
In base 2, what is 10 + 1110010010110111011?
1110010010110111101
In base 2, what is -110001001011001011 + -100?
-110001001011001111
In base 16, what is 6f - -327?
396
In base 12, what is 3 + -11316?
-11313
In base 14, what is 732809 - -1?
73280a
In base 7, what is 223655 + -50?
223605
In base 13, what is 5cb9 - 61?
5c58
In base 7, what is -21 + -5156?
-5210
In base 16, what is -1 - 1c338?
-1c339
In base 13, what is 9 - -4850?
4859
In base 16, what is 1 - -20c0?
20c1
In base 4, what is -3 + -21310203?
-21310212
In base 16, what is -108 + -22e4?
-23ec
In base 6, what is -230542 - 1?
-230543
In base 5, what is 1211 + 1122?
2333
In base 9, what is 3 - 10577?
-10574
In base 12, what is 4 - -7095?
7099
In base 16, what is 4c3 + 35?
4f8
In base 8, what is -62630 - 42?
-62672
In base 12, what is -2382 + -5?
-2387
In base 4, what is -13 + 3322231?
3322212
In base 13, what is 10 + -9609?
-95c9
In base 5, what is 302423 - 20?
302403
In base 10, what is -85409 - 5?
-85414
In base 3, what is -21000021122 + -10?
-21000021202
In base 16, what is f935 + -7?
f92e
In base 11, what is 6 - 63?
-58
In base 8, what is -455775 - -2?
-455773
In base 10, what is -2883 + 201?
-2682
In base 7, what is -22 - 164310?
-164332
In base 11, what is 8358 + -5?
8353
In base 9, what is -2411 - 51?
-2462
In base 6, what is 13 - 10554?
-10541
In base 16, what is 2f5d - 1d?
2f40
In base 4, what is 111 - 10201231?
-10201120
In base 8, what is 264 + 5415?
5701
In base 4, what is 0 - -1300102?
1300102
In base 11, what is 3802 - -49?
3850
In base 13, what is 5 + 44bc78?
44bc80
In base 6, what is 43 - 22350?
-22303
In base 4, what is -222033330 - 1?
-222033331
In base 13, what is 5 - -27703?
27708
In base 5, what is -14 - 434000?
-434014
In base 6, what is -10 + 401340?
401330
In base 15, what is 2 - 2b8e?
-2b8c
In base 9, what is -112470 + 1?
-112468
In base 11, what is 4576 + 4?
457a
In base 16, what is -58 + ba?
62
In base 6, what is -2254 + 5?
-2245
In base 14, what is 11a5a - 24?
11a36
In base 9, what is 54318 - -5?
54324
In base 7, what is 32312 - 550?
31432
In base 11, what is -20870 - 10?
-20880
In base 8, what is -11440 + 1?
-11437
In base 5, what is 112141034 + -3?
112141031
In base 8, what is -6043 - 36?
-6101
In base 9, what is 108017 + -2?
108015
In base 16, what is -1930 - -19?
-1917
In base 2, what is -100 + -100000010101001111?
-100000010101010011
In base 12, what is 77901 + 11?
77912
In base 12, what is 619 - -357?
974
In base 2, what is 100101111010 - -11101101?
101001100111
In base 5, what is -2030410 + -3?
-2030413
In base 3, what is 12 + 21021210101?
21021210120
In base 11, what is -1a - 4504?
-4523
In base 10, what is 2181017 - 5?
2181012
In base 16, what is -1 - 1aa55?
-1aa56
In base 8, what is 5 - 43324?
-43317
In base 5, what is 1003140303 - -4?
1003140312
In base 11, what is -7161 + 10?
-7151
In base 14, what is -8a00 - -4?
-89da
In base 11, what is -8266 + -1?
-8267
In base 9, what is -82656 + 2?
-82654
In base 9, what is 53125 - -24?
53150
In base 12, what is 5b40 + -129?
5a13
In base 9, what is 246542 - 3?
246538
In base 6, what is 1133424 + -4?
1133420
In base 6, what is 0 - -1545013?
1545013
In base 3, what is -12 - 2122001102?
-2122001121
In base 12, what is -2813 - 2b?
-2842
In base 2, what is -110010111000 - 1110?
-110011000110
In base 6, what is 211 + 2431?
3042
In base 10, what is -61 - -8467?
8406
In base 11, what is -9 + -1487?
-1495
In base 3, what is -1210222 - -222?
-1210000
In base 14, what is -1b + d49d?
d482
In base 12, what is 32a54 - 8?
32a48
In base 3, what is -2122001 + 10?
-2121221
In base 5, what is -134441 - -1131?
-133310
In base 3, what is 1 - -1002112101?
1002112102
In base 5, what is -1120 - 1142?
-2312
In base 15, what is -3 + baab?
baa8
In base 4, what is 21200 + -332?
20202
In base 14, what is 30928 + -1?
30927
In base 5, what is -124412 + -221?
-130133
In base 9, what is 22 + 620?
642
In base 14, what is 47 + -1a1?
-158
In base 14, what is 56234 + -3?
56231
In base 7, what is -65 - 3565?
-3663
In base 5, what is 3 - 1031044?
-1031041
In base 13, what is -c971a - 0?
-c971a
In base 15, what is -12365 - -1?
-12364
In base 15, what is -37572 + -c?
-3757e
In base 9, what is 261 + 433?
704
In base 16, what is -5 + -c3b42?
-c3b47
In base 2, what is 1001110000 - -111001?
1010101001
In base 9, what is 2443 - -3?
2446
In base 6, what is 100 + 1030041?
1030141
In base 12, what is 2092 + -343?
194b
In base 12, what is -14439b - -2?
-144399
In base 3, what is -1220111 + -12?
-1220200
In base 4, what is 11 + 3130?
3201
In base 4, what is -122231 + 2101?
-120130
In base 6, what is 32000100 + -3?
32000053
In base 6, what is 21 + -2334125?
-2334104
In base 13, what is -11 - 2c6?
-307
In base 16, what is -d5ea + -70?
-d65a
In base 9, what is -27736 + 3?
-27733
In base 7, what is -1024161 + 3?
-1024155
In base 12, what is -4 + 1659b?
16597
In base 4, what is -20232 + -123221?
-210113
In base 4, what is 1100 - 112002?
-110302
In base 12, what is -3 + 23734?
23731
In base 7, what is 5 - -1505453?
1505461
In base 7, what is -41 + 41?
0
In base 6, what is -1321 + 1501?
140
In base 12, what is 1ab34 + -8?
1ab28
In base 15, what is b - 635?
-629
In base 11, what is 32 + 3092?
3114
In base 4, what is 13213 + -12023?
1130
In base 5, what is -2 + -24024321?
-24024323
In base 6, what is 0 - -2031212?
2031212
In base 